ainder when 224 is divided by y?
72
Let t(h) = 20*h**2 + h - 5. Let p be t(2). Suppose 0 = -6*w + p + 181. Suppose 4*k - 10 = -2, 5*k + 65 = 5*l. What is the remainder when w is divided by l?
13
Calculate the remainder when 137 is divided by (-49)/(-2) - 4 - 8/16.
17
Suppose -2*a = -17 - 35. Let u be 246/78 + (-4)/a. Let w(i) = i**2 + 5*i - 4. Calculate the remainder when w(u) is divided by 7.
6
Let h = 2 + 0. Calculate the remainder when (-106)/(-8)*h*2 is divided by 1/(20/232) - 30/50.
9
Let c(y) = 2*y**3 - 5*y**2 + y + 2. Suppose s - 2*s + 38 = 0. Calculate the remainder when s is divided by c(3).
10
Suppose 12*d = 15*d. Suppose 3*f - 4*v = -4 + 65, -f - 3*v + 3 = d. Calculate the remainder when 89 is divided by f.
14
Suppose 3*t - 5*t + 22 = 0. Suppose v - 3*z = 57, 16*v + 2*z = t*v + 319. What is the remainder when v is divided by 13?
11
What is the remainder when 47 is divided by -2 - (4 + -1) - -6 - -24?
22
Let t = 121 - 201. Let d = -15 + 26. What is the remainder when d is divided by ((-3)/(-2))/((-30)/t)?
3
Suppose -76 = 9*v + 1220. Let a = v + 146. What is the remainder when 12 is divided by a?
0
Let g(c) = c**3 + 10*c**2 - c + 10. Suppose q + 4*x + 9 = 0, 4 + 5 = 5*q + 2*x. Let z be 0 - q/(6/20). Calculate the remainder when 78 is divided by g(z).
18
Suppose -4*g + 5*r + 1262 = 0, 2*g = -0*g + 3*r + 630. Let n = g - 105. What is the remainder when n is divided by 9?
6
Suppose 12*x + 24*x = 324. Calculate the remainder when 232 is divided by x.
7
Let n = -467 + 490. Calculate the remainder when 75 is divided by n.
6
Suppose 5*w - p = 11, 5*w + 4*p - 17 = 14. Calculate the remainder when 20 is divided by w.
2
Suppose 4 = i + 2. Calculate the remainder when 45 - (-5 + 4/i) is divided by 10.
8
Let n(v) = -24*v - 14. Let z be n(5). Calculate the remainder when 17 is divided by 16/(-28) + z/(-14).
8
Suppose -2*f - 5 = -17. Let p = 25 + 2. What is the remainder when p is divided by (1/(-3))/(f/(-180))?
7
Let w(t) = -8*t + 232. Suppose l + 4*l = 585. Calculate the remainder when l is divided by w(24).
37
Let n(s) = -8*s. Let t be ((-80)/4)/5 - -3. Calculate the remainder when 21 is divided by n(t).
5
Let x(m) = m**3 - 8*m**2 + 5*m - 4. Let q be x(7). Suppose 3 + 11 = k. What is the remainder when k is divided by (-21)/(-28) - q/8?
2
Let t(u) be the third derivative of 13*u**6/30 - u**5/20 + u**4/12 - 31*u**2. Calculate the remainder when t(1) is divided by 11.
7
Let w = -75 - -90. Calculate the remainder when w is divided by 9.
6
Suppose -35 = -8*k - 19. Let w(s) = 9*s**3 + s**2 - 3*s + 4. Calculate the remainder when w(k) is divided by 15.
14
Suppose -5*o = 5*b - 30, 5*b - b - 20 = -3*o. Suppose -1 = y, 0 = -2*g - 3*g - 5*y. Calculate the remainder when ((-14)/o + 4)*2 is divided by g.
0
Let m = 34 + -25. Suppose 4*q = m*q - 195. What is the remainder when 76 is divided by q?
37
Let p(r) = r**2 - 9*r - 7. Let v(a) = -a**2 + 9*a + 13. Let n be (45/(-20))/((-4)/16). Let q be v(n). Calculate the remainder when p(q) is divided by 23.
22
Let b = -32 + 36. Suppose -b*m + 5*n = -91, n + n - 51 = -3*m. What is the remainder when 73 is divided by m?
16
Let h(i) = 13 + 2*i + i**2 - 3*i + 3*i + 2*i. Let j(p) = 14*p**2 + 1. Calculate the remainder when h(-9) is divided by j(-1).
13
Suppose 5*w - 250 = 3*k, 4*w + 5*k - 69 = 131. Calculate the remainder when w is divided by 13.
11
Suppose -8*j + 3*j + 4*y + 114 = 0, 2*y = 2*j - 46. Calculate the remainder when 41 is divided by j.
19
Let z(i) = 12*i + 223. What is the remainder when 100 is divided by z(-14)?
45
Suppose 0*f + 548 = 3*f - 2*a, -f = -2*a - 184. Let p = f + -115. Calculate the remainder when p is divided by 24.
19
What is the remainder when 258 is divided by 18*(-10 + (-950)/(-90))?
8
Let b(v) = -10*v - 19. Let z be b(14). Let u(d) = 26*d + 3. Let p be u(-10). Let m = z - p. What is the remainder when m is divided by 25?
23
Let x(t) = 4*t**3 + t**2 - 18*t + 50. What is the remainder when x(4) is divided by 18?
16
Suppose 3*m - 48 = -3*r, -4*r = 3*m + 2*m - 62. Suppose -4*g - 12 = -3*y, -4*g - 4 = 9*y - 11*y. What is the remainder when r is divided by y?
2
Calculate the remainder when 4 is divided by (-11 + 1)*(-2)/5.
0
Let w = 15 + -10. Suppose -d - d + 2*j + 8 = 0, -w*j - 20 = -3*d. Suppose d = 3*g - 124 - 74. Calculate the remainder when g is divided by 17.
15
Let d(c) = -c**2 + 21*c + 10. Let h be d(19). Suppose -h*v + 45*v + 39 = 0. Calculate the remainder when v is divided by 5.
3
Let b be (38/4)/((-15)/90). Let o = 172 + b. What is the remainder when o is divided by 13?
11
Suppose -40*h = -41*h + 115. What is the remainder when h is divided by 40?
35
Let b be (-320)/(-170) + 4/34. Suppose -5*h - 5*v = -55, 3*h + b*v - 26 = 5. Calculate the remainder when 42 is divided by h.
6
Calculate the remainder when 75 is divided by 9592/484 + 4/22.
15
Let q(x) = x**2 - 6*x - 13. Let a be q(11). Let p = a - 31. Calculate the remainder when 49 is divided by p.
5
Suppose 0 = -0*j + 2*j + 3*y - 30, 0 = -2*y + 4. Calculate the remainder when j is divided by 10.
2
Let r(j) = -4*j - 30. Let m be r(-9). Suppose -2*c + m*c - 200 = -4*t, 5*t - c = 232. What is the remainder when t is divided by 18?
11
Let z(d) be the first derivative of 2 - d + 1/4*d**4 - 1/2*d**2 + 2*d**3. Calculate the remainder when z(-6) is divided by 3.
2
Let z = 17 - -86. What is the remainder when z is divided by 7/(-1)*(-5 + (3 - 1))?
19
Suppose 7*p = g + 6*p - 395, 0 = 2*p. What is the remainder when g is divided by 80?
75
Let y(g) be the first derivative of 2*g**3/3 - 2*g**2 - 4*g - 7. What is the remainder when y(6) is divided by 0/(-16) - (16*2)/(-2)?
12
Suppose 0 = 2*f - 6 - 10. Let i(s) = 6*s**3 - 4 + 3*s + 7*s**2 - 3 - 7*s**3 - 2. What is the remainder when i(7) is divided by f?
4
Let u = 6 - -2. Let l = u + -4. Suppose l*r - 14 = -5*d + 21, d = -r + 7. What is the remainder when d is divided by 3?
1
Let q = 248 + -125. Let t(x) be the first derivative of 2*x**3/3 + x**2/2 + 3*x + 7. What is the remainder when q is divided by t(-4)?
30
Suppose -125 = -2*c - 3*a, 3*c - 4*a + 6 = 151. Calculate the remainder when 212 is divided by c.
47
Suppose -4*y + 70 = 2*r, -15*r = -4*y - 16*r + 67. Calculate the remainder when 50 is divided by y.
2
Suppose 4*o + 21 = -q, -4*q = -4*o - 8 - 8. What is the remainder when 85 is divided by (2/o)/((-6 + 8)/(-110))?
19
Suppose -s + 217 = 213. Suppose -s*u + 20 = 0, -w - 12 - 2 = -5*u. Let b = 8 + -1. Calculate the remainder when w is divided by b.
4
Suppose 444 = 2*t - 800. Calculate the remainder when t is divided by 26.
24
Let d = 120 - 38. What is the remainder when 245 is divided by d?
81
Let x be (243/15 + -3)*(7 - -3). Let t = x - 78. What is the remainder when t is divided by 19?
16
Let d = -1 + 5. Let y(v) = v**3 - v**2 + 46. Let h be y(0). Suppose 4*w + 3*x - 8*x = h, -3*x = 5*w - 76. What is the remainder when w is divided by d?
2
Let j(n) = -3*n - 8. Let l(z) = 13*z + 33. Let g(h) = 9*j(h) + 2*l(h). Let c be g(-7). Suppose 11 + c = 3*v. What is the remainder when 6 is divided by v?
2
Suppose 0 = a - 5, -5*k + a - 3*a = -30. Suppose -k*z - 24 + 140 = 4*r, 0 = 4*r - 20. Let l(u) = -69*u + 1. What is the remainder when l(-1) is divided by z?
22
Let n = -9 - -38. What is the remainder when n is divided by 18/(-45)*(3 - -2)*(-22)/4?
7
Suppose -2*t + 5*i = -5*t - 299, 5*i = 5*t + 525. Let w = -25 - t. Calculate the remainder when w is divided by 16.
14
Suppose 5*v - 2*q = 895, -3*q = -19*v + 17*v + 358. Calculate the remainder when v is divided by 42.
11
Suppose 0 = -4*y + s + 527, 5*s - 4*s - 397 = -3*y. Let j = y + -88. What is the remainder when j is divided by 25?
19
Suppose -2*r + 42 = 3*t + r, -5*t + 70 = 2*r. Let x(h) = 25*h - 4. Let p be x(1). Let d = 48 - p. Calculate the remainder when d is divided by t.
13
Suppose y - 9*m + 7*m = 14, y - 3*m - 19 = 0. Suppose 4*s - 5*w + 129 = 7*s, -4*w = y*s - 164. Calculate the remainder when 151 is divided by s.
37
Let w(n) = n**3 - 6*n**2 - 6*n - 5. Let f be w(7). Suppose 0 = 5*x - f*x - 45. What is the remainder when x is divided by (9/81 - 92/(-144))*12?
6
Let m be (30/4)/((-4)/8). Let r = -42 + m. Let a = r - -83. What is the remainder when a is divided by 7?
5
Suppose 2*h - 38 = -8. Let y be -3 - (3 + -7 + 1). Suppose 5*g - 143 = -2